{"id":306,"date":"2021-05-13T15:01:43","date_gmt":"2021-05-13T15:01:43","guid":{"rendered":"http:\/\/afaescolagravi.com\/?page_id=306"},"modified":"2021-05-13T19:29:30","modified_gmt":"2021-05-13T19:29:30","slug":"politica-de-cookies","status":"publish","type":"page","link":"https:\/\/afaescolagravi.com\/index.php\/politica-de-cookies\/","title":{"rendered":"Pol\u00edtica de cookies"},"content":{"rendered":"\n<p><strong>INFORMACI\u00d3 SOBRE COOKIES<\/strong><\/p>\n\n\n\n<p>A causa de l\u2019entrada en vigor de la referent modificaci\u00f3 de la \u00abLlei de Serveis de la Societat de la Informaci\u00f3\u00bb (LSSICE) establerta pel Reial Decret 13\/2012, \u00e9s obligat obtenir el consentiment expr\u00e9s de l\u2019usuari de totes les p\u00e0gines web que utilitzen <em>cookies <\/em>prescindibles,<em> <\/em>abans que aquest navegui per elles.&nbsp;<\/p>\n\n\n\n<p><strong>QU\u00c8 S\u00d3N LES COOKIES?<\/strong><\/p>\n\n\n\n<p>Les <em>cookies <\/em>i altres tecnologies similars com ara local shared objects, flash <em>cookies<\/em> o p\u00edxels, s\u00f3n eines emprades pels servidors Web per emmagatzemar i recuperar informaci\u00f3 sobre els seus visitants, aix\u00ed com per oferir un correcte funcionament del lloc.<\/p>\n\n\n\n<p>Mitjan\u00e7ant l\u2019\u00fas d\u2019aquests dispositius es permet al servidor Web recordar algunes dades referents a l\u2019usuari, com les seves prefer\u00e8ncies per a la visualitzaci\u00f3 de les p\u00e0gines d\u2019aquest servidor, nom i contrasenya, productes que m\u00e9s li interessen, etc.<\/p>\n\n\n\n<p><strong><em>COOKIES <\/em><\/strong><strong>AFECTADES PER LA NORMATIVA I COOKIES EXCEPTUADES<\/strong><\/p>\n\n\n\n<p>Segons la directiva de la UE, les <em>cookies <\/em>que requereixen el consentiment informat per part de l\u2019usuari s\u00f3n les <em>cookies <\/em>anal\u00edtiques i les de publicitat i afiliaci\u00f3, i queden exceptuades les de car\u00e0cter t\u00e8cnic i les necess\u00e0ries per al funcionament del lloc web o la prestaci\u00f3 de serveis expressament sol\u00b7licitats per l\u2019usuari.<\/p>\n\n\n\n<p><strong>TIPUS DE COOKIES<\/strong><\/p>\n\n\n\n<p><strong>SEGONS LA FINALITAT<\/strong>&nbsp;<\/p>\n\n\n\n<ul class=\"wp-block-list\"><li><strong><em>Cookies <\/em><\/strong><strong>t\u00e8cniques i funcionals<\/strong>: s\u00f3n les que permeten a l\u2019usuari navegar a trav\u00e9s d\u2019una p\u00e0gina web, plataforma o aplicaci\u00f3 i utilitzar les diferents opcions o serveis que hi hagi<em>.<\/em>&nbsp;<\/li><li><strong><em>Cookies <\/em><\/strong><strong>d\u2019an\u00e0lisi<\/strong>: s\u00f3n les que permeten al responsable d\u2019aquestes monitoritzar i analitzar el comportament dels usuaris dels llocs web als quals estan vinculats. La informaci\u00f3 recollida mitjan\u00e7ant aquest tipus de <em>cookies<\/em> s\u2019utilitza en el mesurament de l\u2019activitat dels llocs web, aplicaci\u00f3 o plataforma i per elaborar perfils de navegaci\u00f3 dels usuaris d\u2019aquests llocs, aplicacions i plataformes, per tal d\u2019introduir millores en funci\u00f3 de l\u2019an\u00e0lisi de les dades d\u2019\u00fas que fan els usuaris del servei.<\/li><li><strong><em>Cookies<\/em><\/strong> <strong>publicit\u00e0ries:<\/strong> s\u00f3n aquelles que permeten gestionar, de la manera m\u00e9s efica\u00e7 possible, els espais publicitaris que, si escau, l\u2019editor hagi incl\u00f2s en una p\u00e0gina web, aplicaci\u00f3 o plataforma des de la qual presta el servei sol\u00b7licitat segons criteris com el contingut editat o la freq\u00fc\u00e8ncia en qu\u00e8 es mostren els anuncis.&nbsp;<\/li><li><strong><em>Cookies <\/em><\/strong><strong>de publicitat comportamental<\/strong>: recullen informaci\u00f3 sobre les prefer\u00e8ncies i eleccions personals de l\u2019usuari (<em>retargeting<\/em>) per permetre gestionar, de la manera m\u00e9s efica\u00e7 possible, els espais publicitaris que, si escau, l\u2019editor hagi incl\u00f2s en una p\u00e0gina web, aplicaci\u00f3 o plataforma des de la qual presta el servei sol\u00b7licitat.<\/li><li><strong><em>Cookies <\/em><\/strong><strong>socials<\/strong>: s\u00f3n aquelles que han estat instal\u00b7lades per les plataformes de xarxes socials en els serveis per permetre-us compartir contingut amb els vostres amics i xarxes. Les plataformes de mitjans socials tenen la capacitat de rastrejar la vostra activitat en l\u00ednia fora dels Serveis. Aix\u00f2 pot afectar el contingut i els missatges que veieu en altres serveis que visiteu.<\/li><li><strong><em>Cookies <\/em><\/strong><strong>d\u2019afiliats<\/strong>: permeten fer un seguiment de les visites procedents d\u2019altres webs, amb les quals el lloc web estableix un contracte d\u2019afiliaci\u00f3 (empreses d\u2019afiliaci\u00f3).<\/li><li><strong><em>Cookies <\/em><\/strong><strong>de seguretat<\/strong>: emmagatzemen informaci\u00f3 xifrada per evitar que les dades que s\u2019hi guarden siguin vulnerables a atacs maliciosos de tercers.<\/li><\/ul>\n\n\n\n<p><strong>SEGONS LA PROPIETAT<\/strong>&nbsp;<\/p>\n\n\n\n<ul class=\"wp-block-list\"><li><strong><em>Cookies<\/em><\/strong><strong> pr\u00f2pies<\/strong>: s\u00f3n les que s\u2019envien a l\u2019equip terminal de l\u2019usuari des d\u2019un equip o domini gestionat pel propi editor i des del qual es proporciona el servei sol\u00b7licitat per l\u2019usuari.&nbsp;<\/li><li><strong><em>Cookies<\/em><\/strong> <strong>de tercers:<\/strong> s\u00f3n les que s\u2019envien a l\u2019equip terminal de l\u2019usuari des d\u2019un equip o domini que no \u00e9s gestionat per l\u2019editor, sin\u00f3 per una altra entitat que tracta les dades obtingudes mitjan\u00e7ant les cookies.<\/li><\/ul>\n\n\n\n<p><strong>SEGONS EL TERMINI DE CONSERVACI\u00d3<\/strong>&nbsp;<\/p>\n\n\n\n<ul class=\"wp-block-list\"><li><strong><em>Cookies<\/em><\/strong><strong> de sessi\u00f3:<\/strong> s\u00f3n un tipus de <em>cookies<\/em> dissenyades per obtenir i emmagatzemar dades mentre l\u2019usuari accedeix a una p\u00e0gina web.&nbsp;<\/li><li><strong><em>Cookies<\/em><\/strong><strong> persistents:<\/strong> s\u00f3n un tipus de cookies en qu\u00e8 les dades segueixen emmagatzemades en el terminal i poden ser accedides i tractades durant un per\u00edode definit pel responsable de la <em>cookie<\/em>, i que durar des d\u2019uns minuts a diversos anys.<\/li><\/ul>\n\n\n\n<p><strong>TRACTAMENT DE DADES PERSONALS<\/strong><\/p>\n\n\n\n<p>AFA ESCOLA GRAVI \u00e9s el <strong>Responsable del tractament<\/strong> de les dades personals de l\u2019<strong>Interessat<\/strong> i l\u2019informa que aquestes dades es tractaran de conformitat amb el que estableix el Reglament (UE) 2016\/679, de 27 d\u2019abril de 2016 (GDPR), per la qual cosa se li facilita la seg\u00fcent informaci\u00f3 del tractament:<\/p>\n\n\n\n<p><strong>Finalitats del tractament: <\/strong>segons s\u2019especifica en l\u2019apartat de <em>cookies <\/em>que s\u2019utilitzen en aquest lloc web.<\/p>\n\n\n\n<p><strong>Legitimaci\u00f3 del tractament<\/strong>: per consentiment de l\u2019interessat (art. 6.1 GDPR).&nbsp;<\/p>\n\n\n\n<p><strong>Criteris de conservaci\u00f3 de les dades<\/strong>: segons s\u2019especifica en l\u2019apartat de <em>cookies <\/em>utilitzades al web.<\/p>\n\n\n\n<p><strong>Comunicaci\u00f3 de les dades<\/strong>: no es comunicaran les dades a tercers, excepte en cookies propietat de tercers o per obligaci\u00f3 legal.<\/p>\n\n\n\n<p><strong>Drets que t\u00e9 l\u2019Interessat<\/strong>:<\/p>\n\n\n\n<p>&#8211; Dret a retirar el consentiment en qualsevol moment.<br>Dret d\u2019acc\u00e9s, rectificaci\u00f3, portabilitat i supressi\u00f3 de les seves dades i de limitaci\u00f3 o oposici\u00f3 al seu tractament.<br>&#8211; Dret a presentar una reclamaci\u00f3 davant l\u2019Autoritat de control (www.aepd.es) si considera que el tractament no s\u2019ajusta a la normativa vigent.<\/p>\n\n\n\n<p><strong>Dades de contacte per exercir els seus drets:<\/strong><\/p>\n\n\n\n<p>AFA ESCOLA GRAVI.<strong> <\/strong>Av. de Vallarca, 258 &#8211; 08023 Barcelona (Barcelona). E-mail: info@afaescolagravi.com<br><br><\/p>\n\n\n\n<p><strong>COOKIES CONTROLADES PER L\u2019EDITOR<\/strong><\/p>\n\n\n\n<h4 class=\"wp-block-heading\"><strong>T\u00e8cniques i funcional<\/strong><\/h4>\n\n\n\n<figure class=\"wp-block-table\"><table><tbody><tr><td><strong>Propietat<\/strong><\/td><td><strong>Cookie<\/strong><\/td><td><strong>Finalitat<\/strong><\/td><td><strong>Termini<\/strong><\/td><\/tr><tr><td>afaescolagravi.com<\/td><td><strong>bSession<\/strong><\/td><td>Cookie necess\u00e0ria per a la utilitzaci\u00f3 de les opcions i serveis de la p\u00e0gina web<\/td><td>Sesi\u00f3n<\/td><\/tr><tr><td>afaescolagravi.com<\/td><td><strong>hs<\/strong><\/td><td>Cookie necess\u00e0ria per a la utilitzaci\u00f3 de les opcions i serveis de la p\u00e0gina web<\/td><td>Sesi\u00f3n<\/td><\/tr><tr><td>afaescolagravi.com<\/td><td><strong>svSession<\/strong><\/td><td>Cookie necess\u00e0ria per a la utilitzaci\u00f3 de les opcions i serveis de la p\u00e0gina web<\/td><td>en 2 anys<\/td><\/tr><tr><td>afaescolagravi.com<\/td><td><strong>XSRF-TOKEN<\/strong><\/td><td>Aquesta galeta es col\u00b7loca per ajudar amb la seguretat el lloc en la prevenci\u00f3 d&#8217;atacs entre llocs de falsificaci\u00f3 de petici\u00f3.<\/td><td>Sesi\u00f3n<\/td><\/tr><tr><td>youtube.com<\/td><td><strong>__Secure-3PSIDCC<\/strong><\/td><td>Cookie necess\u00e0ria per a la utilitzaci\u00f3 de les opcions i serveis de la p\u00e0gina web<\/td><td>en un any<\/td><\/tr><tr><td>youtube.com<\/td><td><strong>CONSENT<\/strong><\/td><td>Rastrejador de consentiment de cookies de Google<\/td><td>en 17 anys<\/td><\/tr><tr><td>youtube.com<\/td><td><strong>PREF<\/strong><\/td><td>Aquesta galeta emmagatzema les seves prefer\u00e8ncies i altra informaci\u00f3, en particular l&#8217;idioma preferit, el nombre de resultats de recerca que desitja que es mostrin a la seva p\u00e0gina, i si desitja o no tenir el filtre SafeSearch de Google enc\u00e8s.<\/td><td>en 7 mesos<\/td><\/tr><\/tbody><\/table><\/figure>\n\n\n\n<h4 class=\"wp-block-heading\"><strong>Analitiques<\/strong><\/h4>\n\n\n\n<figure class=\"wp-block-table\"><table><tbody><tr><td><strong>Propietat<\/strong><\/td><td><strong>Cookie<\/strong><\/td><td><strong>Finalitat<\/strong><\/td><td><strong><strong>Termini<\/strong><\/strong><\/td><\/tr><tr><td>youtube.com<\/td><td><strong>__Secure-3PAPISID<\/strong><\/td><td>Aquestes galetes s&#8217;utilitzen per lliurar anuncis m\u00e9s rellevants per a vost\u00e8 i els seus interessos.<\/td><td>en 2 anys<\/td><\/tr><tr><td>youtube.com<\/td><td><strong>__Secure-3PSID<\/strong><\/td><td>Aquestes galetes s&#8217;utilitzen per lliurar anuncis m\u00e9s rellevants per a vost\u00e8 i els seus interessos.<\/td><td>en 2 anys<\/td><\/tr><\/tbody><\/table><\/figure>\n\n\n\n<h4 class=\"wp-block-heading\"><strong>Publicitaries<\/strong><\/h4>\n\n\n\n<figure class=\"wp-block-table\"><table><tbody><tr><td><strong>Propietat<\/strong><\/td><td><strong>Cookie<\/strong><\/td><td><strong>Finalitat<\/strong><\/td><td><strong><strong>Termini<\/strong><\/strong><\/td><\/tr><tr><td>facebook.com<\/td><td><strong>datr<\/strong><\/td><td>S&#8217;utilitza per prevenir la creaci\u00f3 de falses comptes \/ spam. DATR galeta s&#8217;associa amb un navegador, no a les persones individuals.<\/td><td>en 2 anys<\/td><\/tr><tr><td>facebook.com<\/td><td><strong>fr<\/strong><\/td><td>Cont\u00e9 un navegador \u00fanic i identificador d&#8217;usuari, que s&#8217;utilitza per a la publicitat dirigida.<\/td><td>en 2 mesos<\/td><\/tr><tr><td>facebook.com<\/td><td><strong>sb<\/strong><\/td><td>Facebook identificaci\u00f3 de navegador, l&#8217;autenticaci\u00f3, la comercialitzaci\u00f3, i altres cookies de funci\u00f3 facebook-espec\u00edfics.<\/td><td>en 2 anys<\/td><\/tr><tr><td>youtube.com<\/td><td><strong>APISID<\/strong><\/td><td>Descarregar certes eines de Google i guardar certes prefer\u00e8ncies, per exemple, el nombre de resultats de la recerca per full o l&#8217;activaci\u00f3 de l&#8217;filtre SafeSearch. Ajusta els anuncis que apareixen a la cerca de Google.<\/td><td>en 2 anys<\/td><\/tr><tr><td>youtube.com<\/td><td><strong>HSID<\/strong><\/td><td>Descarregar certes eines de Google i guardar certes prefer\u00e8ncies, per exemple, el nombre de resultats de la recerca per full o l&#8217;activaci\u00f3 de l&#8217;filtre SafeSearch. Ajusta els anuncis que apareixen a la cerca de Google.<\/td><td>en 2 anys<\/td><\/tr><tr><td>youtube.com<\/td><td><strong>SAPISID<\/strong><\/td><td>Descarregar certes eines de Google i guardar certes prefer\u00e8ncies, per exemple, el nombre de resultats de la recerca per full o l&#8217;activaci\u00f3 de l&#8217;filtre SafeSearch. Ajusta els anuncis que apareixen a la cerca de Google.<\/td><td>en 2 anys<\/td><\/tr><tr><td>youtube.com<\/td><td><strong>SID<\/strong><\/td><td>Descarregar certes eines de Google i guardar certes prefer\u00e8ncies, per exemple, el nombre de resultats de la recerca per full o l&#8217;activaci\u00f3 del filtre SafeSearch. Ajusta els anuncis que apareixen a la cerca de Google.<\/td><td>en 2 anys<\/td><\/tr><tr><td>youtube.com<\/td><td><strong>SSID<\/strong><\/td><td>Baixa determinades eines de Google i desa determinades prefer\u00e8ncies, per exemple, el nombre de resultats de cerca per p\u00e0gina o l\u2019activaci\u00f3 del filtre SafeSearch. Ajusta els anuncis que apareixen a la Cerca de Google.<\/td><td>en 2 anys<\/td><\/tr><tr><td>youtube.com<\/td><td><strong>VISITOR_INFO1_LIVE<\/strong><\/td><td>Intenta estimar l&#8217;ample de banda dels usuaris a les p\u00e0gines de YouTube amb v\u00eddeos integrats.<\/td><td>en 5 mesos<\/td><\/tr><\/tbody><\/table><\/figure>\n\n\n\n<h4 class=\"wp-block-heading\"><strong>COOKIES DE TERCERS<\/strong><\/h4>\n\n\n\n<p>Els serveis de tercers s\u00f3n aliens al control de l\u2019editor. Els prove\u00efdors poden modificar en qualsevol moment les seves condicions de servei, finalitat i \u00fas de les cookies, etc.<\/p>\n\n\n\n<p><strong>Prove\u00efdors externs d\u2019aquest lloc web:<\/strong><\/p>\n\n\n\n<figure class=\"wp-block-table\"><table><tbody><tr><td><strong>Editor<\/strong><\/td><td><strong>Pol\u00edtica de privacitat<\/strong><a href=\"about:blank\">Advertiser&#8217;s website domain<\/a><a href=\"https:\/\/privacy.google.com\/take-control.html\">GoogleYoutube<\/a><a href=\"https:\/\/safety.google\/privacy\/privacy-controls\/\">Google<\/a><a href=\"https:\/\/www.facebook.com\/about\/privacy\/\">Facebook<\/a><\/td><\/tr><tr><td>Advertiser&#8217;s website domain<\/td><td><a href=\"about:blank\">None<\/a><\/td><\/tr><tr><td>Facebook<\/td><td><a href=\"https:\/\/www.facebook.com\/about\/privacy\/\">https:\/\/www.facebook.com\/about\/privacy\/<\/a><\/td><\/tr><tr><td>Google<\/td><td><a href=\"https:\/\/privacy.google.com\/take-control.html\">https:\/\/privacy.google.com\/take-control.html<\/a><\/td><\/tr><tr><td>Google<\/td><td><a href=\"https:\/\/safety.google\/privacy\/privacy-controls\/\">https:\/\/safety.google\/privacy\/privacy-controls\/<\/a><\/td><\/tr><tr><td>Youtube<\/td><td><a href=\"https:\/\/privacy.google.com\/take-control.html\">https:\/\/privacy.google.com\/take-control.html<\/a><\/td><\/tr><\/tbody><\/table><\/figure>\n\n\n\n<figure class=\"wp-block-table\"><table><tbody><tr><td><strong>PANELL DE CONFIGURACI\u00d3 DE COOKIES<\/strong><\/td><\/tr><\/tbody><\/table><\/figure>\n\n\n\n<p>Des d\u2019aquest panell pot configurar les cookies que el lloc web pot instal\u00b7lar en el seu navegador, excepte les cookies t\u00e8cniques o funcionals que s\u00f3n necess\u00e0ries per a la navegaci\u00f3 i la utilitzaci\u00f3 de les diferents opcions o serveis que s\u2019ofereixen.<\/p>\n\n\n\n<p><strong>COM GESTIONAR LES COOKIES DES DEL NAVEGADOR<\/strong><\/p>\n\n\n\n<figure class=\"wp-block-table\"><table><tbody><tr><td><strong>Eliminar les cookies del dispositiu&nbsp;<\/strong><\/td><td>Les cookies que ja es troben en un dispositiu es poden eliminar esborrant l\u2019historial del navegador, de manera que se suprimeixen les cookies de tots els llocs web visitats.<br>No obstant aix\u00f2, tamb\u00e9 es pot perdre part de la informaci\u00f3 desada (per exemple, les dades d\u2019inici de sessi\u00f3 o les prefer\u00e8ncies de lloc web).<\/td><\/tr><tr><td><strong>Gestionar les cookies espec\u00edfiques del lloc&nbsp;<\/strong><\/td><td>Per tenir un control m\u00e9s prec\u00eds de les cookies espec\u00edfiques de cada lloc, els usuaris poden ajustar la seva configuraci\u00f3 de privacitat i cookies al navegador.<\/td><\/tr><tr><td><strong>Bloquejar les cookies&nbsp;<\/strong><\/td><td>Encara que la majoria dels navegadors moderns es poden configurar per evitar que s\u2019instal\u00b7lin cookies en els dispositius, aix\u00f2 pot obligar a ajustar manualment determinades prefer\u00e8ncies cada vegada que es visiti un lloc o p\u00e0gina. A m\u00e9s, alguns serveis i caracter\u00edstiques poden no funcionar correctament (per exemple, els inicis de sessi\u00f3 amb perfil).<\/td><\/tr><\/tbody><\/table><\/figure>\n\n\n\n<p><strong>COM ELIMINAR LES COOKIES DELS NAVEGADORS M\u00c9S COMUNS<\/strong><\/p>\n\n\n\n<figure class=\"wp-block-table\"><table><tbody><tr><td><strong>Chrome<\/strong><\/td><td><a href=\"http:\/\/support.google.com\/chrome\/answer\/95647?hl=es\">http:\/\/support.google.com\/chrome\/answer\/95647?hl=es<\/a><\/td><\/tr><tr><td><strong>Internet Explorer. Versi\u00f3 11<\/strong><\/td><td><a href=\"https:\/\/support.microsoft.com\/es-es\/help\/278835\/how-to-delete-cookie-files-in-internet-explorer\">https:\/\/support.microsoft.com\/es-es\/help\/278835\/how-to-delete-cookie-files-in-internet-explorer<\/a><\/td><\/tr><tr><td><strong>Firefox. Versi\u00f3 65.0.1<\/strong><\/td><td><a href=\"https:\/\/www.mozilla.org\/es-ES\/privacy\/websites\/#cookies\">https:\/\/www.mozilla.org\/es-ES\/privacy\/websites\/#cookies<\/a><\/td><\/tr><tr><td><strong>Safari Versi\u00f3 5.1<\/strong><\/td><td><a href=\"https:\/\/support.apple.com\/es-es\/guide\/safari\/sfri11471\/mac\">https:\/\/support.apple.com\/es-es\/guide\/safari\/sfri11471\/mac<\/a><\/td><\/tr><tr><td><strong>Opera<\/strong><\/td><td><a href=\"https:\/\/help.opera.com\/en\/latest\/security-and-privacy\/#clearBrowsingData\">https:\/\/help.opera.com\/en\/latest\/security-and-privacy\/#clearBrowsingData<\/a><\/td><\/tr><\/tbody><\/table><\/figure>\n","protected":false},"excerpt":{"rendered":"<p>INFORMACI\u00d3 SOBRE COOKIES A causa de l\u2019entrada en vigor de la referent modificaci\u00f3 de la \u00abLlei de Serveis de la Societat de la Informaci\u00f3\u00bb (LSSICE) establerta pel Reial Decret 13\/2012, &hellip; <\/p>\n<p class=\"link-more\"><a href=\"https:\/\/afaescolagravi.com\/index.php\/politica-de-cookies\/\" class=\"more-link\">Leer m\u00e1s<span class=\"screen-reader-text\"> \u00abPol\u00edtica de cookies\u00bb<\/span><\/a><\/p>\n","protected":false},"author":1,"featured_media":309,"parent":0,"menu_order":0,"comment_status":"closed","ping_status":"closed","template":"","meta":{"inspiro_hide_title":false,"footnotes":""},"class_list":["post-306","page","type-page","status-publish","has-post-thumbnail","hentry"],"_links":{"self":[{"href":"https:\/\/afaescolagravi.com\/index.php\/wp-json\/wp\/v2\/pages\/306","targetHints":{"allow":["GET"]}}],"collection":[{"href":"https:\/\/afaescolagravi.com\/index.php\/wp-json\/wp\/v2\/pages"}],"about":[{"href":"https:\/\/afaescolagravi.com\/index.php\/wp-json\/wp\/v2\/types\/page"}],"author":[{"embeddable":true,"href":"https:\/\/afaescolagravi.com\/index.php\/wp-json\/wp\/v2\/users\/1"}],"replies":[{"embeddable":true,"href":"https:\/\/afaescolagravi.com\/index.php\/wp-json\/wp\/v2\/comments?post=306"}],"version-history":[{"count":3,"href":"https:\/\/afaescolagravi.com\/index.php\/wp-json\/wp\/v2\/pages\/306\/revisions"}],"predecessor-version":[{"id":312,"href":"https:\/\/afaescolagravi.com\/index.php\/wp-json\/wp\/v2\/pages\/306\/revisions\/312"}],"wp:featuredmedia":[{"embeddable":true,"href":"https:\/\/afaescolagravi.com\/index.php\/wp-json\/wp\/v2\/media\/309"}],"wp:attachment":[{"href":"https:\/\/afaescolagravi.com\/index.php\/wp-json\/wp\/v2\/media?parent=306"}],"curies":[{"name":"wp","href":"https:\/\/api.w.org\/{rel}","templated":true}]}}