{"id":3,"date":"2021-05-06T17:26:28","date_gmt":"2021-05-06T17:26:28","guid":{"rendered":"http:\/\/afaescolagravi.com\/?page_id=3"},"modified":"2021-05-13T14:50:29","modified_gmt":"2021-05-13T14:50:29","slug":"privacy-policy","status":"publish","type":"page","link":"http:\/\/afaescolagravi.com\/index.php\/privacy-policy\/","title":{"rendered":"Pol\u00edtica de privacitat i protecci\u00f3 de dades"},"content":{"rendered":"\n<div class=\"wp-block-group\"><div class=\"wp-block-group__inner-container is-layout-flow wp-block-group-is-layout-flow\">\n<p>En compliment del principi de transpar\u00e8ncia i deure d&#8217;informaci\u00f3 establert per la normativa comunit\u00e0ria i nacional en mat\u00e8ria de protecci\u00f3 de dades, l&#8217;AFA Escola GRAVI\u00a0procedeix a informar els usuaris d&#8217;aquest lloc web sobre les circumst\u00e0ncies i condicions del tractament de les seves dades, aix\u00ed com dels drets que l&#8217;assisteixen a cada interessat.<\/p>\n\n\n\n<p>Qui \u00e9s el responsable del tractament de les seves dades?<\/p>\n\n\n\n<ul class=\"wp-block-list\"><li>Identitat: AFA ESCOLA GRAVI<\/li><li>CIF: G-58417593<\/li><li>Adre\u00e7a postal: Av. de Vallcarca n\u00ba 258, 08023 Barcelona<\/li><li>Correu electr\u00f2nic: info@afaescolagravi.com\u00a0\u00a0\u00a0\u00a0<\/li><\/ul>\n\n\n\n<p>Amb quina finalitat tractem les seves dades personals?<\/p>\n\n\n\n<p>L\u00b4AFA Escola GRAVI &nbsp;tracta les dades personals dels interessats per les seg\u00fcents finalitats:<\/p>\n\n\n\n<ul class=\"wp-block-list\"><li>Gestionar la relaci\u00f3 amb els nostres associats, voluntaris i tercers i notificar-los les activitats de l\u2019associaci\u00f3.<\/li><li>Manteniment i gesti\u00f3 de la relaci\u00f3 comercial amb els nostres prove\u00efdors de productes i serveis.<\/li><li>Respondre les consultes que realitzen els usuaris a trav\u00e9s del formulari de contacte de la nostra p\u00e0gina web.<\/li><li>Difondre l&#8217;associaci\u00f3 i&nbsp;les seves activitats.<\/li><\/ul>\n\n\n\n<p>Durant quant de temps conservem les seves dades?<\/p>\n\n\n\n<p>Les dades personals es conservaran durant el temps necessari per complir amb la finalitat per a la qual es van demanar i per determinar les possibles responsabilitats que es puguin derivar d&#8217;aquesta finalitat i del tractament de les dades. Si \u00e9s el cas, es conservaran les dades personals mentre no se sol\u00b7liciti la seva supressi\u00f3.<\/p>\n\n\n\n<p>Quina categoria de dades recaptem?<\/p>\n\n\n\n<p>S\u00f3n objecte de tractament per l&#8217;Associaci\u00f3 les seg\u00fcents categories de dades, segons correspongui a cadascun dels interessats: Dades de car\u00e0cter identificatiu: nom i cognom, adre\u00e7a (postal i electr\u00f2nica), document d\u2019identitat i imatge.<\/p>\n\n\n\n<p>Dades de fam\u00edlia.<\/p>\n\n\n\n<p>Dades banc\u00e0ries.<\/p>\n\n\n\n<p>Quina \u00e9s la legitimaci\u00f3 pel tractament de les seves dades?<\/p>\n\n\n\n<p>La base legal pel tractament de les seves dades personals estar\u00e0 relacionat amb la finalitat per a la qual les dades van ser recollides. En aquest sentit, el tractament de les seves dades personals estar\u00e0 legitimat per alguna de les seg\u00fcents condicions:<\/p>\n\n\n\n<ul class=\"wp-block-list\"><li>L&#8217;execuci\u00f3 del contracte de prestaci\u00f3 de serveis.<\/li><li>El compliment d&#8217;una obligaci\u00f3 legal.<\/li><li>El compliment d&#8217;una missi\u00f3 realitzada en inter\u00e8s p\u00fablic.<\/li><li>El consentiment atorgat mitjan\u00e7ant una clara acci\u00f3 afirmativa per part de l&#8217;interessat.<\/li><\/ul>\n\n\n\n<p>A quins destinataris es comunicaran les seves dades?<\/p>\n\n\n\n<p>Amb car\u00e0cter general no es comunicaran les dades personals a tercers, excepte obligaci\u00f3 legal.<\/p>\n\n\n\n<p>Quins s\u00f3n els seus drets quan ens facilita les seves dades?<\/p>\n\n\n\n<p>Qualsevol persona t\u00e9 dret a obtenir confirmaci\u00f3 sobre si en l&#8217;AFA Escola GRAVI estem tractant dades personals que els concerneixin.<\/p>\n\n\n\n<p>Les persones interessades tenen dret a accedir a les seves dades personals, aix\u00ed com a sol\u00b7licitar la rectificaci\u00f3 de les dades inexactes o,&nbsp;si escau, sol\u00b7licitar la seva supressi\u00f3 quan, entre&nbsp;altres&nbsp;motius, les dades ja no siguin&nbsp;necess\u00e0ries&nbsp;per als fins que van ser recollides. En aquests casos, l&#8217;AFA Escola GRAVI ho comunicar\u00e0 a cadascun dels destinataris als quals s&#8217;hagin comunicat les seves dades personals.<\/p>\n\n\n\n<p>En determinades circumst\u00e0ncies, els interessats podran sol\u00b7licitar la limitaci\u00f3 del tractament de les seves dades, en aquest cas, \u00fanicament les conservarem per a l&#8217;exercici o la defensa de possibles reclamacions.<\/p>\n\n\n\n<p>En determinades circumst\u00e0ncies, i per motius relacionats amb la seva situaci\u00f3 particular, els interessats podran oposar-se al tractament de les seves dades. L&#8217;AFA Escola GRAVI deixar\u00e0 de tractar les dades, excepte motius leg\u00edtims imperiosos o l&#8217;exercici de defensa de possibles reclamacions.<\/p>\n\n\n\n<p>Els interessats tenen dret a rebre les dades personals que li incumbeixin, que hagin facilitat a l&#8217;AFA Escola GRAVI, en un format estructurat, d&#8217;\u00fas com\u00fa i lectura mec\u00e0nica.<\/p>\n\n\n\n<p>Per a l&#8217;exercici dels drets esmentats en els apartats anteriors, els usuaris poden dirigir una comunicaci\u00f3 per escrit al domicili social de l&#8217;AFA Escola GRAVI o les adreces de correu electr\u00f2nic&nbsp;, &nbsp;incloent-hi, en ambd\u00f3s casos, fotoc\u00f2pia del seu DNI o un altre document identificatiu similar.<\/p>\n\n\n\n<p>Tamb\u00e9 l&#8217;informem del seu dret a presentar una reclamaci\u00f3 davant l&#8217;Ag\u00e8ncia Espanyola de Protecci\u00f3 de Dades, si considera que en el tractament de les seves dades no s&#8217;estan respectant els seus drets.<\/p>\n\n\n\n<p>Quines mesures de seguretat tenim implantades?<\/p>\n\n\n\n<p>L&#8217;AFA Escola GRAVI l&#8217;informa que t\u00e9 implantades les mesures de seguretat d&#8217;\u00edndole t\u00e8cnica i organitzatives necess\u00e0ries per garantir la seguretat de les seves dades de car\u00e0cter personal i evitar la seva alteraci\u00f3, p\u00e8rdua i tractament o acc\u00e9s no autoritzat.<\/p>\n\n\n\n<p>Aix\u00ed mateix, l&#8217;AFA Escola GRAVI ha establert mesures per refor\u00e7ar la confidencialitat i integritat de la informaci\u00f3 en la seva organitzaci\u00f3. Mantenint cont\u00ednuament la supervisi\u00f3, control i avaluaci\u00f3 dels processos per assegurar el respecte a la privacitat de les dades.<\/p>\n<\/div><\/div>\n","protected":false},"excerpt":{"rendered":"<p>En compliment del principi de transpar\u00e8ncia i deure d&#8217;informaci\u00f3 establert per la normativa comunit\u00e0ria i nacional en mat\u00e8ria de protecci\u00f3 de dades, l&#8217;AFA Escola GRAVI\u00a0procedeix a informar els usuaris d&#8217;aquest &hellip; <\/p>\n<p class=\"link-more\"><a href=\"http:\/\/afaescolagravi.com\/index.php\/privacy-policy\/\" class=\"more-link\">Leer m\u00e1s<span class=\"screen-reader-text\"> \u00abPol\u00edtica de privacitat i protecci\u00f3 de dades\u00bb<\/span><\/a><\/p>\n","protected":false},"author":1,"featured_media":301,"parent":0,"menu_order":0,"comment_status":"closed","ping_status":"open","template":"","meta":{"inspiro_hide_title":false,"footnotes":""},"class_list":["post-3","page","type-page","status-publish","has-post-thumbnail","hentry"],"_links":{"self":[{"href":"http:\/\/afaescolagravi.com\/index.php\/wp-json\/wp\/v2\/pages\/3","targetHints":{"allow":["GET"]}}],"collection":[{"href":"http:\/\/afaescolagravi.com\/index.php\/wp-json\/wp\/v2\/pages"}],"about":[{"href":"http:\/\/afaescolagravi.com\/index.php\/wp-json\/wp\/v2\/types\/page"}],"author":[{"embeddable":true,"href":"http:\/\/afaescolagravi.com\/index.php\/wp-json\/wp\/v2\/users\/1"}],"replies":[{"embeddable":true,"href":"http:\/\/afaescolagravi.com\/index.php\/wp-json\/wp\/v2\/comments?post=3"}],"version-history":[{"count":2,"href":"http:\/\/afaescolagravi.com\/index.php\/wp-json\/wp\/v2\/pages\/3\/revisions"}],"predecessor-version":[{"id":299,"href":"http:\/\/afaescolagravi.com\/index.php\/wp-json\/wp\/v2\/pages\/3\/revisions\/299"}],"wp:featuredmedia":[{"embeddable":true,"href":"http:\/\/afaescolagravi.com\/index.php\/wp-json\/wp\/v2\/media\/301"}],"wp:attachment":[{"href":"http:\/\/afaescolagravi.com\/index.php\/wp-json\/wp\/v2\/media?parent=3"}],"curies":[{"name":"wp","href":"https:\/\/api.w.org\/{rel}","templated":true}]}}

Política de privacitat i protecció de dades

<div class="wp-block-group"><div class="wp-block-group__inner-container is-layout-flow wp-block-group-is-layout-flow">
<p>En compliment del principi de transparència i deure d&#8217;informació establert per la normativa comunitària i nacional en matèria de protecció de dades, l&#8217;AFA Escola GRAVI procedeix a informar els usuaris d&#8217;aquest lloc web sobre les circumstàncies i condicions del tractament de les seves dades, així com dels drets que l&#8217;assisteixen a cada interessat.</p>



<p>Qui és el responsable del tractament de les seves dades?</p>



<ul class="wp-block-list"><li>Identitat: AFA ESCOLA GRAVI</li><li>CIF: G-58417593</li><li>Adreça postal: Av. de Vallcarca nº 258, 08023 Barcelona</li><li>Correu electrònic: info@afaescolagravi.com    </li></ul>



<p>Amb quina finalitat tractem les seves dades personals?</p>



<p>L´AFA Escola GRAVI &nbsp;tracta les dades personals dels interessats per les següents finalitats:</p>



<ul class="wp-block-list"><li>Gestionar la relació amb els nostres associats, voluntaris i tercers i notificar-los les activitats de l’associació.</li><li>Manteniment i gestió de la relació comercial amb els nostres proveïdors de productes i serveis.</li><li>Respondre les consultes que realitzen els usuaris a través del formulari de contacte de la nostra pàgina web.</li><li>Difondre l&#8217;associació i&nbsp;les seves activitats.</li></ul>



<p>Durant quant de temps conservem les seves dades?</p>



<p>Les dades personals es conservaran durant el temps necessari per complir amb la finalitat per a la qual es van demanar i per determinar les possibles responsabilitats que es puguin derivar d&#8217;aquesta finalitat i del tractament de les dades. Si és el cas, es conservaran les dades personals mentre no se sol·liciti la seva supressió.</p>



<p>Quina categoria de dades recaptem?</p>



<p>Són objecte de tractament per l&#8217;Associació les següents categories de dades, segons correspongui a cadascun dels interessats: Dades de caràcter identificatiu: nom i cognom, adreça (postal i electrònica), document d’identitat i imatge.</p>



<p>Dades de família.</p>



<p>Dades bancàries.</p>



<p>Quina és la legitimació pel tractament de les seves dades?</p>



<p>La base legal pel tractament de les seves dades personals estarà relacionat amb la finalitat per a la qual les dades van ser recollides. En aquest sentit, el tractament de les seves dades personals estarà legitimat per alguna de les següents condicions:</p>



<ul class="wp-block-list"><li>L&#8217;execució del contracte de prestació de serveis.</li><li>El compliment d&#8217;una obligació legal.</li><li>El compliment d&#8217;una missió realitzada en interès públic.</li><li>El consentiment atorgat mitjançant una clara acció afirmativa per part de l&#8217;interessat.</li></ul>



<p>A quins destinataris es comunicaran les seves dades?</p>



<p>Amb caràcter general no es comunicaran les dades personals a tercers, excepte obligació legal.</p>



<p>Quins són els seus drets quan ens facilita les seves dades?</p>



<p>Qualsevol persona té dret a obtenir confirmació sobre si en l&#8217;AFA Escola GRAVI estem tractant dades personals que els concerneixin.</p>



<p>Les persones interessades tenen dret a accedir a les seves dades personals, així com a sol·licitar la rectificació de les dades inexactes o,&nbsp;si escau, sol·licitar la seva supressió quan, entre&nbsp;altres&nbsp;motius, les dades ja no siguin&nbsp;necessàries&nbsp;per als fins que van ser recollides. En aquests casos, l&#8217;AFA Escola GRAVI ho comunicarà a cadascun dels destinataris als quals s&#8217;hagin comunicat les seves dades personals.</p>



<p>En determinades circumstàncies, els interessats podran sol·licitar la limitació del tractament de les seves dades, en aquest cas, únicament les conservarem per a l&#8217;exercici o la defensa de possibles reclamacions.</p>



<p>En determinades circumstàncies, i per motius relacionats amb la seva situació particular, els interessats podran oposar-se al tractament de les seves dades. L&#8217;AFA Escola GRAVI deixarà de tractar les dades, excepte motius legítims imperiosos o l&#8217;exercici de defensa de possibles reclamacions.</p>



<p>Els interessats tenen dret a rebre les dades personals que li incumbeixin, que hagin facilitat a l&#8217;AFA Escola GRAVI, en un format estructurat, d&#8217;ús comú i lectura mecànica.</p>



<p>Per a l&#8217;exercici dels drets esmentats en els apartats anteriors, els usuaris poden dirigir una comunicació per escrit al domicili social de l&#8217;AFA Escola GRAVI o les adreces de correu electrònic&nbsp;, &nbsp;incloent-hi, en ambdós casos, fotocòpia del seu DNI o un altre document identificatiu similar.</p>



<p>També l&#8217;informem del seu dret a presentar una reclamació davant l&#8217;Agència Espanyola de Protecció de Dades, si considera que en el tractament de les seves dades no s&#8217;estan respectant els seus drets.</p>



<p>Quines mesures de seguretat tenim implantades?</p>



<p>L&#8217;AFA Escola GRAVI l&#8217;informa que té implantades les mesures de seguretat d&#8217;índole tècnica i organitzatives necessàries per garantir la seguretat de les seves dades de caràcter personal i evitar la seva alteració, pèrdua i tractament o accés no autoritzat.</p>



<p>Així mateix, l&#8217;AFA Escola GRAVI ha establert mesures per reforçar la confidencialitat i integritat de la informació en la seva organització. Mantenint contínuament la supervisió, control i avaluació dels processos per assegurar el respecte a la privacitat de les dades.</p>
</div></div>

<p>En compliment del principi de transparència i deure d&#8217;informació establert per la normativa comunitària i nacional en matèria de protecció de dades, l&#8217;AFA Escola GRAVI procedeix a informar els usuaris d&#8217;aquest &hellip; </p>
<p class="link-more"><a href="http://afaescolagravi.com/index.php/privacy-policy/" class="more-link">Leer más<span class="screen-reader-text"> «Política de privacitat i protecció de dades»</span></a></p>
